tors of h(0).
13
Let i be (-9)/18 + 2/(-4). What are the prime factors of ((-258)/4)/((-1)/(i - -3))?
3, 43
Suppose 20 = j + 4*q + 1, 0 = -j + 4*q - 13. Suppose -242 = -2*f + 5*c, j*c - 112 = -f + c. What are the prime factors of f?
2, 29
List the prime factors of 2*158 - (48 - 48).
2, 79
Let c = -404 - -917. What are the prime factors of c?
3, 19
Suppose 5*m - z - 10850 = 0, 0*m + 5*m = 4*z + 10865. What are the prime factors of m?
3, 241
List the prime factors of 1172/(-2)*(54/12 + -5).
293
Let z be (7 + -2)*(-3 + 2). Let y = -3 - 13. Let g = z - y. What are the prime factors of g?
11
Let w be 18/(-6*(-3)/(-12)). Suppose 0 = -3*l + 5 + 97. Let f = l + w. What are the prime factors of f?
2, 11
Let z(x) = 30*x**2 - 21*x + 59. List the prime factors of z(6).
1013
Let h(r) = 2*r**2 + r. Suppose 0 = -8*v - 5*v + 39. What are the prime factors of h(v)?
3, 7
Suppose 2*m = x + 546, 1078 = 4*m + 5*x - 28. List the prime factors of m.
2, 137
Let d(c) = 10*c**3 - 28*c**2 + 14*c - 18. What are the prime factors of d(8)?
2, 29, 59
Suppose 10 = 2*x + 2*h, h + 5 = 3*x + 2*h. Suppose 5*q - 197 = -4*r - x*q, -5*q - 15 = 0. List the prime factors of r.
53
Let n = 39 - 13. Let o = n - 14. Suppose -o*l - 38 = -13*l. List the prime factors of l.
2, 19
Let n(p) = 10*p + 2. Let c be n(2). Let g = -8 + c. List the prime factors of (-4)/g - 489/(-21).
23
Let v(n) = 9*n - 25. Let c be v(6). Suppose -32*x + 21 = -c*x. List the prime factors of x.
7
Let x(s) = 14. Let q(o) = o + 1. Let p(k) = -3*q(k) - x(k). List the prime factors of p(-7).
2
Suppose -4*d - 4*j + 0*j = -1724, 5*d + 4*j - 2158 = 0. What are the prime factors of d?
2, 7, 31
Let c = 496 + -183. What are the prime factors of c?
313
Let u(d) = 40*d**3 + 3*d - d**2 + 1 - 2*d - 53*d**3. List the prime factors of u(-2).
3, 11
Suppose -12*x - 646 = -14*x. What are the prime factors of x?
17, 19
Let c(z) = z**2 + 2*z - 5. Let r be c(-4). Suppose 9*m - r*m = 750. What are the prime factors of m?
5
Let j be (-36)/90 - (16974/5)/(-2). Suppose -3*m - 1011 = -3*h, 8*m - j = -5*h + 7*m. List the prime factors of h.
3, 113
Suppose 3881 = 17*h - 4024. List the prime factors of h.
3, 5, 31
Let w = 117 - 119. Let v(f) = -4*f - 2*f - 5*f - 2. What are the prime factors of v(w)?
2, 5
Let f(w) = w**2 - 4*w + 4. Let c be f(4). Suppose -r - 5*q = -58, r + c*q + 435 = 6*r. What are the prime factors of r?
83
Let a(i) = -i**3 + 6*i**2 + i - 2. Let p be a(6). Suppose 0 = -p*l + 6*l - 98. What are the prime factors of l?
7
Let s = -10 - -1. Let z = -6 - s. Suppose z - 7 = -h. List the prime factors of h.
2
Let s(j) = -7*j + 3. Let o be s(-5). Suppose -u - 5*i = o, u + 5*i = 5*u + 152. List the prime factors of (u/4)/(9/(-18)).
19
Suppose -o - 62 = -4*l, 2*o - 7*o - 220 = -2*l. Let b = o - -97. List the prime factors of b.
5, 11
What are the prime factors of (24 + -29)/((-5)/1489)?
1489
Let z = -12 + 12. Suppose z = -5*l + 7*l + 12. Let f(n) = -2*n - 1. What are the prime factors of f(l)?
11
Suppose 46*y - 55897 = 2799. What are the prime factors of y?
2, 11, 29
Let o(s) = 3*s**2 + 6*s + 4. Suppose 5*m - m = -4. Let p = m - 3. What are the prime factors of o(p)?
2, 7
Let s be (-3)/15 - (-11)/5. Let p(z) = 3 + 4*z**3 - 8*z**2 - 3*z**3 - 6*z - s*z**3. What are the prime factors of p(-8)?
3, 17
Let r(o) = 2*o**3 - 20*o**2 - 16*o - 45. List the prime factors of r(16).
17, 163
Let w(v) = -v + 14. Let a be w(10). Suppose 203 = a*i - 593. List the prime factors of i.
199
Let z(y) = y**2 - 12*y - 3. Let s(a) = a**2 - 11*a - 2. Let m(w) = 4*s(w) - 3*z(w). Let j = 10 - 1. List the prime factors of m(j).
2, 5
Suppose i + 69 = c, -5*c - 2*i + 513 - 140 = 0. Suppose -4*y + 0*l = -4*l - 192, 5*y = -2*l + 254. Let v = c - y. List the prime factors of v.
23
Let h(c) be the second derivative of -c**4/12 - c**3/6 + 7*c**2/2 + 24*c. Suppose z + 4*z = 0. What are the prime factors of h(z)?
7
Suppose 6360 = 2*g + 3*g + 4*x, 0 = -4*g + 2*x + 5062. What are the prime factors of g?
2, 317
Let n = -15 + 21. Suppose -5*y + n*y = 5. Suppose -74 = -5*r + y*h - 9, 0 = 4*r - h - 37. What are the prime factors of r?
2
Suppose 0*a + 3*a - 2430 = 0. List the prime factors of a.
2, 3, 5
Suppose 0*c = c - 34. Let z = -13 + c. What are the prime factors of z?
3, 7
Suppose 2*r = -4*k - 4, -2*k = -2*r + 20 - 6. Suppose r*l + 192 - 572 = 0. List the prime factors of l.
5, 19
Suppose -2*g - 3 + 11 = 0. Let p be 4/((-5)/((-70)/g)). Let k = 24 - p. List the prime factors of k.
2, 5
Suppose 56*r - 48*r = 8400. What are the prime factors of r?
2, 3, 5, 7
Let i = 73 + -19. Suppose -y + 2 = -i. Suppose 0 = 5*v - 64 - y. List the prime factors of v.
2, 3
Let w(g) = -11*g**3 + 4*g**2 + 13*g + 7. What are the prime factors of w(-5)?
13, 109
List the prime factors of 14*(9/(-6) + 2)*20.
2, 5, 7
Let x = 31 - 11. Suppose -21*m = -x*m - 31. List the prime factors of m.
31
Let b = -348 - -772. List the prime factors of b.
2, 53
Suppose 3*q - 3*z = 6333, 3*q + 5*z - 2368 = 3933. List the prime factors of q.
7, 43
Suppose 0*u - 4*u = 8. Let f be 6*(u - -7) - 0. Suppose s - f = 9. What are the prime factors of s?
3, 13
Let b(q) = -q**3 - 5*q**2 - 6*q + 1. Let o(f) = -f**2 - 7*f + 13. Let l be o(-9). Let z be b(l). Suppose 5*p - 9 = z. What are the prime factors of p?
2
Let h be ((-9)/3)/((-3)/4). Suppose -3*u + 314 = -2*o + 24, -4*o + 172 = 2*u. Suppose h*v - 2*v = u. List the prime factors of v.
47
Let b = -3790 - -6703. List the prime factors of b.
3, 971
Let a = -7 - -11. Suppose -x - j = -3*x - 4, -x = -j + a. Suppose 5*b - o - 3*o - 102 = 0, x = -3*b - 3*o + 72. What are the prime factors of b?
2, 11
What are the prime factors of (-32)/112 + 24996/21?
2, 5, 7, 17
Suppose -d = g - 1228, 0 = 5*d + 41 - 31. List the prime factors of g.
2, 3, 5, 41
Suppose 0 = -3*k + 6, -4*l - 2*k + 116 = 384. Let d = -101 - -212. Let w = l + d. List the prime factors of w.
43
Let p(r) = -r**2 - 2*r + 6. Let n be p(-4). What are the prime factors of 455/15 + -1 - n/(-6)?
29
Let n(l) = -146*l + 119. List the prime factors of n(-4).
19, 37
List the prime factors of (-1 + (1772 - 9))*1.
2, 881
Suppose -30020 - 24860 = -32*n. What are the prime factors of n?
5, 7
Let y(c) = c**3 + 5*c**2 - 6*c + 4. Let a be y(-6). Suppose -95 = -5*o - j, 0 = 3*o - a*o - 3*j + 33. List the prime factors of o.
2, 3
Let a = 52 + 0. Suppose 2*c = -3*n + 47, -c = -3*c - 4*n + a. List the prime factors of c.
2
Suppose 169*o + 3*x - 1475 = 168*o, 3*x - 9 = 0. List the prime factors of o.
2, 733
Let g(l) = 3*l + 11. Let k be g(6). Let b = 72 - k. What are the prime factors of (b - (-4 - -6)) + -1?
2, 5
Let w(d) = 4*d. Let g be w(1). Suppose 0*t = -2*v - 5*t - 19, -4*v - g*t - 8 = 0. Suppose v*m - m - 70 = 5*k, -m - 5*k + 35 = 0. List the prime factors of m.
5, 7
Suppose 3*c = 5*j - 0*j - 1339, j = -2*c + 260. What are the prime factors of j?
2, 7, 19
Let p(k) = -k**3 + 9*k**2 + 4*k. Let v(h) = -h**3 + 5*h**2 + 3*h - 7. Let b be v(5). List the prime factors of p(b).
2, 3
Suppose -3*a - 24 = 3*k, 2*k + 3*a - 19 = 8*a. List the prime factors of -3*(-1*241)/(k - -6).
241
Let o = 534 + -326. What are the prime factors of o?
2, 13
Suppose 39 = 9*t - 8*t. Suppose -t*i - 154 = -41*i. List the prime factors of i.
7, 11
Let u(a) = 3*a**3 - 5*a**2 + 4*a - 7. Let m be u(3). Let s = m + 11. What are the prime factors of s?
2, 13
Let d = 1067 - 576. What are the prime factors of d?
491
What are the prime factors of 15/(-2)*14152/(-290)?
2, 3, 61
Suppose -479 - 222 = -w - 4*a, -681 = -w + a. What are the prime factors of w?
5, 137
What are the prime factors of ((-69)/69)/(1/(-567)*1)?
3, 7
Let h(p) = -7*p + 131. List the prime factors of h(-20).
271
Suppose -3*m - 18 = -2*m - 5*t, -3*t = -3*m - 30. List the prime factors of -132*(2/(-10))/(m/(-20)).
2, 3, 11
Let f(n) = 2*n**3 + 13*n**2 - 27*n + 191. List the prime factors of f(9).
2459
Let p = 65 - 67. Let x(s) = -71*s + 3. What are the prime factors of x(p)?
5, 29
Let q(o) = o**3 + 15*o - 28. List the prime factors of q(14).
2, 7, 11, 19
Let h(w) = 4*w + 1. Let y be h(1). Suppose 0 = -5*q + r + 79, y*r = q - 52 + 17. What are the prime factors of q?
3, 5
Let p(h) = 6*h**2 + 23*h - 19. List the prime factors of p(-11).
2, 227
Suppose -4*z + 9*z + 1160 = 3*t, -4*t - 5*z + 1605 = 0. What are t